4/2?
2, 5, 41
Let j(u) = -209*u**3 + 2*u**2 - 4*u - 8. Let k be j(-2). Suppose -k = 12*x - 17*x. What are the prime factors of x?
2, 3, 7
Suppose -10*l + 155182 = -142708. What are the prime factors of l?
29789
Suppose 0 = 7*n - 11*n - 2*u + 10, -u + 1 = 0. Suppose -491 - 1565 = -n*v. What are the prime factors of v?
2, 257
Let f(w) = w**2 + 15*w + 196. Let z = 56 + -56. List the prime factors of f(z).
2, 7
Let d(v) = v**2 + 8. Let k be d(0). Let m = 30 + -27. Suppose -m*t - 5*g = -k*t + 230, -3*t = -2*g - 134. What are the prime factors of t?
2, 3, 7
Let o = 3163 - 1938. Let g = o - 718. List the prime factors of g.
3, 13
Let k = -2940 - -3840. List the prime factors of k.
2, 3, 5
Let y(r) = 371*r**3 - 2*r**2 + r + 1. Let k(d) = -3*d + 7. Let v be k(2). List the prime factors of y(v).
7, 53
Let c be (-17 + 1)*(-9)/(-60)*5. Let o be -2 + 0 - (16 + c). List the prime factors of (-549)/o + (3/2 - 0).
3, 31
Let j(y) = 753*y**2 + 3*y + 2. Let b be j(-1). Let h = b + -226. What are the prime factors of h?
2, 263
Let h(y) = 5*y**2 + 12*y - 119. Let n be h(8). Let l = 1718 + n. List the prime factors of l.
5, 13, 31
Let o be 6*(4 + 85 - 2/(-6)). Suppose -2*n + o = z, -3*z + z - 2*n + 1066 = 0. List the prime factors of z.
2, 5, 53
Suppose -184582 = -177*v + 162*v + 415853. List the prime factors of v.
3, 11, 1213
Let j(i) = 5*i. Let z be j(1). Suppose -7*y - 8 = -z*y. List the prime factors of (-3)/y*(-336)/(-4 - 3).
2, 3
Suppose -6*j + 9256 = -12842. What are the prime factors of j?
29, 127
Let y be 18/90 - (-1)/(-5). Suppose -3*f = p + 199, y = -p - 4*p + 5*f - 1095. Let j = p + 454. What are the prime factors of j?
2, 3, 5
What are the prime factors of ((-66766)/35 + 6)/(-2 + 8/5)?
2, 2377
Let z = 978 - 610. Suppose 0 = 5*h - 0*j - 3*j - 1789, -4*j = -h + z. Suppose 5*i = i - 2*a + h, -5*i + a + 445 = 0. What are the prime factors of i?
89
Let w(v) = 6*v**3 + 23*v**2 + 4*v + 5. Let h be w(-2). Suppose 0 = b + 3*b - 264. Suppose -a = -h - b. List the prime factors of a.
107
Let f be 8/56*2 - 33/(-7). Let g be 351/(-65) + (-3)/f. What are the prime factors of ((-2)/(-6)*3)/(g/(-24))?
2
Let r = 28880 + -16553. What are the prime factors of r?
3, 7, 587
Suppose -45*g = -57*g + 36. Suppose -3*d - 2*a = -3639, -d + g*d - 2427 = -a. List the prime factors of d.
3, 5
Suppose -9 = -3*k - 3. Suppose 790 = 4*i - n - k*n, 3*n - 6 = 0. What are the prime factors of i?
199
Suppose 58*p - 844410 = -47*p. What are the prime factors of p?
2, 4021
Let d be 4*(0 + (-2)/(-4))*1. Let h(i) = -4 + 2*i**3 + 5 + 5*i + 4*i**2 - 7*i**2 + 5*i**3. What are the prime factors of h(d)?
5, 11
Suppose -17*l - 1887 + 167892 = 0. Suppose 3699 = 17*k - l. What are the prime factors of k?
2, 3, 11
Let q be 1/4 + 3/4. Let d(c) = 36*c + 2. Let n be d(q). Let a = n - -3. List the prime factors of a.
41
Let l = 6363 - -40852. List the prime factors of l.
5, 7, 19, 71
Let q = -2365 + 2661. Suppose 5*x + 186 = -l, 5*l - 3*x = 3*l - 424. Let z = l + q. What are the prime factors of z?
2, 3, 5
Let h = 85 + -83. Suppose -h*t = -4*t + 104. Let j = t + 85. What are the prime factors of j?
137
Let n(p) = 4*p - 7. Let x(b) = -8*b + 7. Let q(j) = 6*n(j) + 7*x(j). List the prime factors of q(-23).
743
Let o = -16 + 133. Let j = -25 + o. Let i = j + -13. What are the prime factors of i?
79
Let r(q) = -2*q + 6. Suppose 3*n + 4 = n. Let g be r(n). List the prime factors of (-10)/6*(7 - g).
5
Suppose 5*b - 198 = -2878. Let r = -176 - b. What are the prime factors of r?
2, 3, 5
Let y be 18/27 + 21/9. Let q be ((-28)/y)/(4/(-12)*1). Let h = q + 30. List the prime factors of h.
2, 29
Let q = 15447 + -9742. List the prime factors of q.
5, 7, 163
Let l(r) = r**2 - 9*r + 13. Let p be (-4)/(-1)*(-5)/(-5). Let b be p/(-38) + (-211)/(-19). List the prime factors of l(b).
5, 7
Let m(v) = -32*v**2 - 15*v + 8. Let l be m(-17). List the prime factors of l/(-27) - (-22)/99.
3, 37
Let x = 13861 + -4012. What are the prime factors of x?
3, 7, 67
Let k = -107418 + 164306. What are the prime factors of k?
2, 13, 547
Let x be 33/((-9 - -5)*(-4)/16). Let l(k) = k**2 + x*k - 17*k - 19*k - 36. List the prime factors of l(10).
2, 17
Suppose 5*z + 2*o = 22808, -22820 = -59*z + 54*z - 5*o. What are the prime factors of z?
2, 3, 5, 19
Suppose 4*p + 284 = 4*v - 184, -2*p - 121 = -v. Suppose -5*i - 4*o + 1665 = 0, 2*o = -i + 440 - v. List the prime factors of i.
337
Suppose 9*x + 96 = 33. What are the prime factors of 12*1*x/21 - -139?
3, 5
Suppose -9*n - 6*n - 116*n + 10758637 = 0. What are the prime factors of n?
17, 4831
Let v(u) = u**3 - 53*u**2 + 102*u + 522. List the prime factors of v(54).
2, 3, 7, 71
Let s(o) = -o + 3. Let h be s(3). Let u(d) = 2*d**2 - 2*d - 266. Let n(g) = g**2 - g - 133. Let i(y) = 7*n(y) - 4*u(y). List the prime factors of i(h).
7, 19
Let v(i) = -i**3 + 32*i**2 + 36*i - 96. Let x be v(33). What are the prime factors of 5 + (128 - 6/x)?
131
Suppose -190566 - 3652147 = -68*u - 69*u. What are the prime factors of u?
7, 4007
Let w = -11 - -15. Suppose -w*c = -2*r - 101 - 55, -5*c + 195 = 4*r. Suppose f = -s + 63, -c = -f + 5*s + 30. List the prime factors of f.
2
Let t(v) = 6*v**2 - 17*v + 42. Let j(m) = 7*m**2 - 15*m + 40. Let g(q) = 3*j(q) - 2*t(q). What are the prime factors of g(-7)?
2, 277
Let c = -7554 + 19454. What are the prime factors of c?
2, 5, 7, 17
Let x(p) = 106*p + 199. Let g(y) = -52*y - 99. Let m(q) = 5*g(q) + 3*x(q). What are the prime factors of m(10)?
2, 11, 31
Suppose 5*c - 3*b = 235033, -30*c - 94013 = -32*c + b. What are the prime factors of c?
2, 19, 1237
Suppose 36885 = 5*j - 5*v, 1054*v - 14 = 1056*v. List the prime factors of j.
2, 5, 11, 67
Let t(j) = 4*j**3 - 125*j**2 + 703*j - 75. List the prime factors of t(35).
5, 8581
Suppose -222*q + 1409344 = 82*q. What are the prime factors of q?
2, 19, 61
Suppose -15*y = -16*y + 2. Suppose y*u = -0 + 4. Suppose u*q - 163 = -0*q - c, 3*q + 3*c - 243 = 0. What are the prime factors of q?
2, 41
Let x(d) = d**2 - 5*d + 6. Let q be x(3). Suppose q*k - 156 = -3*k. What are the prime factors of k?
2, 13
Let s be (-7)/((-63)/(-12570))*(-15)/10. Suppose 5*u + 4*y = 3*u + 2120, 0 = -2*u + y + s. List the prime factors of u.
2, 3, 5, 7
Let o(n) = -4*n**2 - 8*n + 128. Let l(x) = -5*x**2 - 9*x + 126. Let c(b) = 3*l(b) - 4*o(b). List the prime factors of c(12).
2, 5, 7
Suppose 34 = p + 31. Suppose 2*h + 0*j + j - 394 = 0, -4*h + p*j + 788 = 0. What are the prime factors of h?
197
Suppose -8*g - 20*g + 1180536 = 28*g. What are the prime factors of g?
3, 7027
Let r = 347 - 345. Suppose -3*j + 3*t + 1593 = 0, -r*t + 2110 = 4*j + t. List the prime factors of j.
23
Let m = -3 + 7. Suppose -a - 2*y - y = -3, -4*y + m = -a. Suppose a = -10*r + 3*r + 119. What are the prime factors of r?
17
Let d be (-6 + 133/5)/(2/10). Let b = d + -35. What are the prime factors of b?
2, 17
Suppose -5*w + 25 = 0, -t - 4*w = 2*t - 17. Let s be (-144)/(-27)*(t + 5/2). What are the prime factors of (324/(-16))/((-3)/s*1)?
2, 3
Let b be 56 + 8*(-2 - -1). Suppose -759 = 47*n - b*n. List the prime factors of n.
3, 11, 23
Suppose 13908 = 18*g + 1920. Let y = 461 + g. List the prime factors of y.
7, 23
Suppose w = -n + 31, -3*n - 4*w + 46 = -52. Suppose -n*o = -1337 - 17253. What are the prime factors of o?
5, 11, 13
Let m(q) = -q**3 - 7*q**2 + 2*q + 3. Let o be m(-7). Let u be (-2)/(-11) + (-75)/o. Suppose 19*f = u*f + 1332. List the prime factors of f.
3, 37
Let j = -79122 + 144550. List the prime factors of j.
2, 11, 1487
Suppose 25*w = 24*w + 4*b + 11508, 5*w - 3*b - 57540 = 0. Suppose -225*f + 237*f - w = 0. List the prime factors of f.
7, 137
What are the prime factors of (-15)/25*(-4)/(-4)*-10415?
3, 2083
Let i(a) = 3*a**2 + 13*a - 4. Let v be i(-5). Suppose 1364 = 10*d - v*d. What are the prime factors of d?
11, 31
Suppose -7*t - 4350 - 9629 = 0. Let z = -1306 - t. What are the prime factors of z?
691
Let f be 8 - (1 - -1 - -3). Let q(h) = 8*h + 7. Let c be q(f). Suppose c*l - 23*l - 744 = 0. List the prime factors of l.
3, 31
Let u(r) = r**3 - 5*r**2 - 6*r + 27. Let k be u(6). Let y be (-4)/(-18) + 18084/k. What are the prime factors of y/(-4)*40/(-50)?
2, 67
Suppose 8*f - 1021 = 3*f - 3*g, 2*f + 3*g - 403 = 0. What are the prime factors of f - 28 - (1 + 1)?
2, 11
Let